e the prime factors of b(1)?
3, 1787
Suppose 45*h = -21*h + 91*h - 268725. List the prime factors of h.
3, 3583
Suppose -o - 4 = 0, -2*h + 232 = -o + 16. Suppose -t - 6 = t, q - h = -5*t. List the prime factors of q.
11
Let c(k) = -19*k**3 - 9*k**2 - 9*k - 19. Let b be c(-6). Suppose -6*u = -1711 - b. List the prime factors of u.
3, 307
Suppose 30*m + 127128 = 777648. List the prime factors of m.
2, 3, 13, 139
Let y be (4 - 574/21)/(2/24). Let s = -66 - y. Let i = -139 + s. List the prime factors of i.
3, 5
Suppose 0 = -136*l + 75*l + 1133316 + 1304671. What are the prime factors of l?
17, 2351
Suppose -10 - 23 = -11*d. Suppose -d*o - 34 = -o. Let w = 64 - o. List the prime factors of w.
3
Let k = 365 + -988. What are the prime factors of (-4)/(28/k) + 7?
2, 3
Let d be 5*((-2)/(-3) + (-16)/60). Suppose -117 = -d*m + 21. Suppose -183 - m = -4*v. What are the prime factors of v?
3, 7
Suppose -3*b + 10 + 8 = 0. Let o be (-4)/((-8)/(-15))*b. What are the prime factors of o/(-20)*(178/3 - -2)?
2, 3, 23
Suppose -4*y = y + 65. Let t = y - -16. Suppose 0 = 3*x - 5*r - 347, -3*r = -t*x + 213 + 132. What are the prime factors of x?
2, 3, 19
Let x(y) = -y**3 - 11*y**2 + 7*y + 30. Suppose c = -4*j - 28, -4*j - 24 = c - j. Let n be x(c). List the prime factors of (0 - n)*(20 - 21).
2, 3, 5
Suppose s = 5*s - 4*p - 24, 0 = 2*p + 8. Suppose -k + 0 + s = 0. Suppose 0 = 2*g - u - k*u - 18, 11 = g - u. List the prime factors of g.
3, 5
Let y be 3*((-1)/3 + 0) - -3115. Suppose -9766 = 7*v + y. List the prime factors of (v/(-32))/((-2)/(-4)) + -3.
2, 7
Suppose 671*p = 1315*p - 659*p + 444765. List the prime factors of p.
149, 199
Let c = 10385 + -6123. List the prime factors of c.
2, 2131
List the prime factors of (-38)/(-247) - (-3434123)/143.
3, 5, 1601
Suppose -872679 = -79*k + 625556. List the prime factors of k.
5, 3793
Let z(l) = -5*l + 6. Let k be z(4). List the prime factors of 3/(-2)*(k*125)/7.
3, 5
Let f be 1983/21 + (-48)/112. Suppose 5*q - 7 = -17. Let m = f - q. What are the prime factors of m?
2, 3
Suppose 2*g + 11658 = 2*c, -11*g - 17467 = -3*c - 12*g. What are the prime factors of c?
2, 7, 13
Let d(b) = -1085*b - 2399. What are the prime factors of d(-16)?
3, 4987
Suppose -3*c + 1539 - 333 = 0. Suppose -c = -6*o - 0*o. Suppose 86 + o = h + 2*b, 0 = 4*h + 2*b - 642. List the prime factors of h.
163
Let t = -136 + 196. Let h = 76 - t. Suppose -7*m - 2*p + h = -5*m, 0 = -5*m + 2*p + 68. List the prime factors of m.
2, 3
Let v(c) = -2*c**2 - 402*c - 952. List the prime factors of v(-79).
2, 3, 509
Suppose -6*n + 1183 + 28475 = 0. List the prime factors of n.
4943
Let h = -385 - -418. Suppose 5*g - 8191 = 3*s, -h*g + 28*g + s + 8187 = 0. List the prime factors of g.
1637
Let o(c) = 289*c**2 + 5*c - 10. Let r(k) = k**2 - k. Let f(g) = o(g) - 6*r(g). What are the prime factors of f(1)?
2, 71
Suppose -4*u = 5*j - 8*j - 76, 5*j + 125 = 5*u. Let y(x) = -45*x - 190. List the prime factors of y(j).
2, 5, 89
Let t be (-1218)/(-252) - 2/(-12). Suppose 6*x - 8*x = -5*j - 2368, t*j - 3527 = -3*x. What are the prime factors of x?
3, 131
Let o = -20 + 7. Let p = o + 27. Let y(j) = j**3 - 13*j**2 - 11*j - 12. What are the prime factors of y(p)?
2, 3, 5
Let d = 156 + -154. List the prime factors of 449 - (1/(-3))/(d/(-30)).
2, 3, 37
Let l be (172/20 - 3) + (-3)/5. Suppose 5*u - f + 3*f = 4190, l*u + 5*f - 4205 = 0. What are the prime factors of u?
2, 11, 19
Suppose 4*x - 2*r = 601 + 1011, 0 = -x + 4*r + 417. Let n = x + -173. What are the prime factors of n?
2, 3, 19
Suppose -13862420 = -73*q - 147*q. List the prime factors of q.
13, 37, 131
Let c = -117 - -102. List the prime factors of (24/c)/(1/(-235)).
2, 47
Suppose -16 = -4*w + 2*i - 4, 5*w = 5*i + 25. Suppose 0 = c - w - 2. List the prime factors of 214/c*(-6)/(-4).
107
Let k(a) = 5 - 5 + a - 9 + 28*a**2. Let h be k(-7). Suppose -7*b - 5*b + h = 0. What are the prime factors of b?
113
Suppose -36*n = -38*n + 11046. Let r = -3733 + n. List the prime factors of r.
2, 5, 179
Let o = 16 + -11. Suppose -5*p + 2*q + 76 = -p, -o*q - 105 = -5*p. What are the prime factors of p?
17
Let s(i) = 692*i**2 - 5*i + 5. List the prime factors of s(3).
2, 3109
Let i(a) be the third derivative of -a**6/120 - 7*a**5/20 - 37*a**4/24 + 16*a**3/3 - 159*a**2. What are the prime factors of i(-19)?
13
Suppose 4*p - 5*f - 1303 = 0, -1660 + 27 = -5*p + 2*f. Suppose -5*c - 141 = 4*h - 1758, -c - 2*h = -p. List the prime factors of c.
3, 107
Suppose 0 = 4*k - 2*s - 6708, 2*k = -3*k - 5*s + 8340. List the prime factors of k.
2, 3, 31
Suppose 489 = 18*p + 93. Suppose -23*u + 401 = -p*u. List the prime factors of u.
401
Suppose 0 = -2*p + 4*o + 32, p + 6*o - 5*o - 25 = 0. Suppose 35*k - 4979 = p*k. List the prime factors of k.
383
Let q(f) = -3*f**2 + f + 1. Let i be q(1). Let c(h) = 273*h**3 - h**2 + h + 3. Let u be c(i). Let z = -186 - u. What are the prime factors of z?
2, 43
Let s(y) = -y**2 + 33*y - 17. Let l(d) = 2*d**2 - 67*d + 35. Let u(z) = -3*l(z) - 5*s(z). What are the prime factors of u(28)?
2, 3, 17
Let f(g) = 11*g**2 - 14*g - 124. List the prime factors of f(-15).
13, 197
Suppose 4*p = -2*w + 58772, w - 24*p + 23*p = 29398. Suppose -25*c + 7531 = -w. What are the prime factors of c?
7, 211
Let n = 28486 - 20185. What are the prime factors of n?
3, 2767
Let x be ((-4)/(32/348))/((-11)/88). Suppose x - 2372 = -2*c. List the prime factors of c.
2, 11, 23
Let z be (0 - 1) + -28*7/(-28). List the prime factors of (-424)/5*(-15)/z.
2, 53
Suppose -49*r + 32985 = -46*r - 864. What are the prime factors of r?
3, 3761
Suppose 0 = -5*l + u + 31663 + 21910, -2*l = 4*u - 21416. What are the prime factors of l?
2, 11, 487
Let q = 39318 - -616. What are the prime factors of q?
2, 41, 487
Let a be ((-290)/(-20))/(4/(-8)). Let t = a + 479. What are the prime factors of t?
2, 3, 5
Let v(o) = 14 - 29 - 4*o - 21. Suppose 3*g + 29 = a, -4*a - 4 = g + 23. What are the prime factors of v(g)?
2
Let j = 20 - 111. Let m = 169 - j. Suppose 5*s + m = 5*t, 4*t - 3*s - 208 = -2*s. List the prime factors of t.
2, 13
Suppose -5*d - 4*k + 24 = 0, 8 = 5*d - k - 11. Let f(t) = 6*t - 2. Let z be f(d). Suppose -l = -v - z, -2*l + 0*v + 5*v = -50. What are the prime factors of l?
2, 5
Let r(x) = 2508*x + 9357. What are the prime factors of r(12)?
3, 13151
Suppose -2*b - 449 = -3*b. Suppose b = 4*g - 495. Suppose 4*t - 448 = -4*y, 4*t - 3*t + g = 2*y. What are the prime factors of y?
2, 29
Suppose -8*w = -4*w - 4. Let a(f) be the first derivative of 191*f**3/3 - f**2 + 2*f - 19. What are the prime factors of a(w)?
191
Suppose -2 = 2*t, 4*m - 13 = 5*t - 0*t. Suppose -594 = -2*p + 4*b, 2*p = -5*b + m*b + 594. What are the prime factors of p?
3, 11
Let t = -15175 - -17578. List the prime factors of t.
3, 89
Suppose 31*b - 5*b = 156. Suppose 0 = -b*q + 2*q + 1576. List the prime factors of q.
2, 197
Let u be 2*(-7)/2*280/(-392). Let t = 828 + u. List the prime factors of t.
7, 17
Let q(m) = 966*m**2 + 23*m - 338. List the prime factors of q(7).
3, 11, 1429
Let p(q) = 5*q**3 - 2*q**2 + 2*q - 2. Let h be p(2). Suppose h = -2*b - 6. List the prime factors of (64/b)/((-4)/50).
2, 5
Let d(c) = 4*c**3 - 5*c**2 - 16. Let n = 372 - 366. List the prime factors of d(n).
2, 167
Suppose 3*j - h - 15 - 9 = 0, 0 = 4*h. Suppose -10*t + 668 = -j*t. List the prime factors of t.
2, 167
Let r(g) = -g**3 + 19*g**2 - 37*g - 2. Let w be r(15). Let s = w + -226. List the prime factors of s.
3, 13
Let p = -32 + 34. Let f = p + -2. Suppose f = -7*v - 2 + 23. List the prime factors of v.
3
Suppose -2*i - 5*t = -14562, 2*t + 10835 = 2*i - 3699. Suppose 0 = -18*o + 1675 + i. What are the prime factors of o?
7, 71
Let r(b) = -3560*b - 14. What are the prime factors of r(-2)?
2, 11, 17, 19
Let h = 21880 - 13487. Suppose -22*x + 33*x = h. What are the prime factors of x?
7, 109
Let z(d) = 10*d + 19. Suppose -14*j - 8*j = -286. What are the prime factors of z(j)?
149
Let d(v) = -v**3 + 9*v**2 - 3*v - 4. Let f(x) = 4*x + 19. Let a be f(-4). Suppose a*p - 9 = -n + 12, 2*p - 14 = -4*n. List the prime factors of d(p).
73
Suppose d - 2 = 0, -105*k + 4*d = -104*k - 6489. What are the prime factors of k?
73, 89
Let p be (1/(-2))/(3*8/(-10368)). Suppose -p*g = -222*g + 2214. List the prime factors of g.
3, 